ime factors of 4/18 + (-237)/f?
3
Let a(z) = -z**3 - 9*z**2 + 10*z + 4. List the prime factors of a(-10).
2
Let x be (-10)/(-4) - 2/4. Suppose 2*y + 8 = 0, -x*y = 2*b - y + 12. List the prime factors of (-84)/(-8) - 2/b.
11
Let d = 15 + 1. What are the prime factors of d?
2
Let z(a) = 2*a + 79. List the prime factors of z(-27).
5
Let q(a) = -a**2 - 2*a - 2. Let p be q(-3). Let s be ((-6)/(-9))/((-4)/(-42)). Let c = s + p. List the prime factors of c.
2
Suppose 0 = 5*k - 5*a + 5, -2*a = 3*k + 2*a + 3. Let w be 4/(-6)*k*3. Suppose 3*l + w*l = 30. List the prime factors of l.
2, 3
Suppose 0 = -s - 0 + 2. Suppose -4*j = 3*h - 43, 4*h + s*j - 26 = 2*h. What are the prime factors of h?
3
Suppose -q - z = -6*z - 30, 0 = -4*q - z + 57. Let w = q + -13. What are the prime factors of w?
2
Suppose 0 = 3*s - 61 + 16. Let t = s + -2. What are the prime factors of t?
13
Let u be (-40)/(-6)*6/5. Suppose u*q - 4*q - 56 = 0. List the prime factors of q.
2, 7
What are the prime factors of (0 + 1)*(-72)/(-2)?
2, 3
Let j(t) = -6*t - 1. Let w(p) = -11*p - 3. Let v(d) = 5*j(d) - 2*w(d). List the prime factors of v(-2).
17
Let c(k) = -k**3 - 4*k**2 - 2*k - 7. List the prime factors of c(-8).
5, 53
Let i = 442 + -264. List the prime factors of i.
2, 89
Suppose 0 = -2*z - 3*z - 20. Let p = z + 15. List the prime factors of p.
11
Suppose -2*b - 2 - 8 = 0. Let v(w) = -w - 8. Let c be v(-7). Let y = c - b. List the prime factors of y.
2
Suppose -2*m + 6 = 2. Suppose m*s - 2 - 10 = 0. List the prime factors of s.
2, 3
Let y(n) be the third derivative of n**4/8 + 2*n**3/3 - n**2. List the prime factors of y(3).
13
Let m be (-3)/3 - 3*-3. Suppose -g - 2*d + 4 = 0, 5*d - m = -2*g - 0*g. Let n = g - -1. List the prime factors of n.
5
Suppose 30 = 7*h - 2*h. Let c be h/(-12) + 9/2. Suppose -20 - 28 = -c*k. List the prime factors of k.
2, 3
Let f(a) = a**2 + 4*a - 9. Let r(c) = 6*c**3 + 2*c + 1. Let u be r(-1). List the prime factors of f(u).
2, 3
Let h = 144 + -123. List the prime factors of h.
3, 7
Let v(w) = w**3 + 8*w**2 + 11*w + 14. What are the prime factors of v(-6)?
2, 5
Let b(h) = h**3 + 8*h**2 + 7. Let l(n) = -7*n**2 + 2*n + 2. Let k be l(-1). What are the prime factors of b(k)?
2, 7
Let d(r) = -r - 2. Suppose -j - 4*b = 3*j + 32, 0 = j - 3*b - 4. What are the prime factors of d(j)?
3
Let p = -32 - -48. What are the prime factors of p?
2
Let v(i) = i - 11. Let q be v(0). Let w = q + 16. Suppose -1 = 2*x - w. What are the prime factors of x?
2
Let s = -6 - -9. Suppose 35 = 2*g + s*g. What are the prime factors of g?
7
What are the prime factors of (-12)/(-3 + 32/11)?
2, 3, 11
Let u = -8 - -12. Let w(g) = -g**3 + 5*g**2 + g. What are the prime factors of w(u)?
2, 5
Let t(c) = c. Let m(l) be the first derivative of l**2/2 + 7*l + 2. Let j be m(0). What are the prime factors of t(j)?
7
Let u(d) = 4*d**3 + 3*d**2 - 3*d + 4. What are the prime factors of u(2)?
2, 3, 7
Suppose 7*z + 69 = 5*t + 4*z, 2*t - 3*z = 33. Let b = -7 + t. List the prime factors of b.
5
Let k = -9 - -12. List the prime factors of k.
3
Let q be ((-30)/9)/(2/(-3)). Suppose -5*z + q*a + 24 = 2*a, -18 = -3*z + 3*a. Suppose -4*t = 4, 21 = z*n - 5*t + 2*t. List the prime factors of n.
2, 3
Let h(c) = -21*c**2. Let g be h(-1). What are the prime factors of (4/6)/((-2)/g)?
7
Suppose -2*c + 0*c + 182 = 0. Suppose -2*t = -c + 33. What are the prime factors of t?
29
Let d = 62 - 26. List the prime factors of d.
2, 3
Let p = 10 + -8. List the prime factors of (p - -1)/(0 + 1).
3
Suppose -n = -2*n. Suppose -4*h - h = n. Let b = h - -3. What are the prime factors of b?
3
Suppose -4 - 16 = -5*s. Suppose -s*f - 5*x + 7 = -0*f, 4*f - 42 = 2*x. List the prime factors of f.
2
Suppose 2*n - 79 = -2*h + 33, 4*h = -2*n + 118. List the prime factors of n.
53
Suppose 3*f = 6*f - 12. Suppose 2*p - 56 = -0*i - 3*i, 2*p = -f. List the prime factors of i.
2, 5
Let a = 14 - 12. Suppose 3*k - p - 29 = -2*p, a*k + 5*p = 41. List the prime factors of k.
2
Suppose 10*q = 5*q - 20. List the prime factors of ((-188)/1)/q - -1.
2, 3
List the prime factors of 2/8 - 475/(-20).
2, 3
Let g(f) = f**2 - 4*f - 3. Let p be g(5). Let y(w) = -3 - 1 + 6*w**p + 3. List the prime factors of y(1).
5
Suppose -23 = -2*a + 3*m, 3*a + 0*a - m - 24 = 0. Let o(u) = u**3 - 6*u**2 - 3*u - 8. List the prime factors of o(a).
2, 5
Let g = -1 + 5. List the prime factors of g.
2
Let n(d) = 13*d + 2. What are the prime factors of n(3)?
41
Let k be 38 - (-1)/(2/4). Suppose 4*x - 4*h - 92 = 0, h - 2*h + k = 2*x. Suppose 3*q - 15 = x. List the prime factors of q.
2, 3
Suppose 0 = -2*o - 3*w + 60, -4*o - 12 + 112 = w. Let a = o - 47. Let k = a + 33. List the prime factors of k.
2, 5
Suppose 33 = -2*r - 3*m, -2*r + 4*r = -m - 27. List the prime factors of 6/(-9) - 116/r.
3
Suppose -3*a - g + 44 = 0, -4*a + a + 5*g + 32 = 0. Let b be (-2)/(-1) - (-7 + 11). Let o = a + b. What are the prime factors of o?
2, 3
Suppose -3*k + 5*r + 70 = -2*k, -2*r - 6 = 0. List the prime factors of k.
5, 11
Suppose 3*o - 3*c - 39 = -0*c, -o - 3*c + 29 = 0. What are the prime factors of o?
17
Suppose -58 = -3*d - 5*v, -4*d - v + 34 = -3*v. List the prime factors of d.
11
Suppose -4*u - u + 25 = 0. What are the prime factors of u?
5
Let w(u) = u + 2. Let z be w(-8). Let t(j) = j**3 + 5*j**2 - 7*j + 7. Let s be t(z). Let y = s - 6. What are the prime factors of y?
7
Let p(y) = 25*y - 2. Let g be p(8). Suppose -6*v = 5*c - 3*v - g, -3*c - 4*v = -121. What are the prime factors of c?
3, 13
Let v(b) = b**3 + 2*b**2 - 4*b - 3. Let t = -2 + -1. Let m be v(t). Let y = 4 - m. List the prime factors of y.
2
Suppose 0*r = 2*r - 2. List the prime factors of 6/3 + -1 + r.
2
Suppose 2*z + 4 = 2*x, -6 = -x - 2*z - z. Suppose -3*n - 36 = -3*d, n - 9 = -5*d + x*d. Let v(q) = 2*q - 8. List the prime factors of v(d).
2, 3
Let w(f) = f**3 - 8*f**2 + 7*f + 11. List the prime factors of w(8).
67
Let z be (-4 + 3)*3*1. Let x(v) = -v**3 - v**2 + 4. Let j be x(z). Let l = -7 + j. What are the prime factors of l?
3, 5
Let c(k) = 2*k**2 - 6*k - 3*k**2 - 2 + 0 + 4. What are the prime factors of c(-5)?
7
Let s(c) be the third derivative of c**4/6 + c**3/6 + 3*c**2. List the prime factors of s(1).
5
Suppose -3*m = -m - 22. List the prime factors of m.
11
Let s be (-1 + 6/3)*2. Let c(y) = 4*y**3 - 3*y**2 + y + 1. What are the prime factors of c(s)?
23
Suppose -5*k + 531 = -0*k - 3*c, -c - 317 = -3*k. Suppose 0 = z - 5*l + 5, 5*z + 3*l = 2*l + k. What are the prime factors of z?
2, 5
Let z = 9 - 10. Let x = z - -13. What are the prime factors of x?
2, 3
Suppose t = -2*b - 3*b + 113, -435 = -4*t - 3*b. List the prime factors of t.
2, 3
What are the prime factors of 8*(2 - (2 - 4))?
2
Let s(i) be the third derivative of -5*i**4/24 - i**3/2 + i**2. What are the prime factors of s(-3)?
2, 3
Let t = 1 + 2. Suppose 4*w = -5*c + 20, 4*c - 16 = -w - t*w. Suppose 3*j = -c*k + 21, j - 3*j + 14 = -5*k. What are the prime factors of j?
7
Suppose -2*m + 66 = -4*m. Let f = -23 - m. List the prime factors of f.
2, 5
Let p(x) = -x - 5. Let u be p(-5). Suppose -3*f + 3*y + y + 24 = 0, 4*f - 32 = 3*y. Suppose v - l - f = -3*l, u = -v + l + 2. List the prime factors of v.
2
What are the prime factors of (-176)/33*6/(-1)?
2
Let q = 2 - 0. Suppose r = q*r - 11. List the prime factors of r.
11
Let j(m) = 3*m. Let x(d) = 6*d - 1. Let n(i) = -9*j(i) + 4*x(i). Let v(r) = -r**2 - 3*r + 3. Let a be v(-5). What are the prime factors of n(a)?
17
Let j(l) = 2*l - 5. Suppose 17 + 15 = 4*o - 5*q, 0 = 5*o + q - 40. List the prime factors of j(o).
11
Suppose -55 = 4*q - 9*q. Suppose 0 = -14*r + 2*r - 84. Let c = q + r. What are the prime factors of c?
2
Suppose 5*p - 5 = -0. Suppose g - 9 = p. List the prime factors of g.
2, 5
What are the prime factors of ((-92)/16)/((-1)/4)?
23
Let i(g) = -g**2 + 17*g - 14. What are the prime factors of i(7)?
2, 7
Let o = 9 - 7. Suppose -3*w + 25 = w - 3*b, -4*w + 22 = -o*b. Suppose 5*d = w*m + 40, -6*m = -2*m. What are the prime factors of d?
2
Let h(o) = o**2 - 5*o - 4. Let j be h(6). Let x = j + -5. List the prime factors of 10 - (-2 + 1 - x).
2
Suppose 2*g - 765 = -g. Let d be g/35 + (-2)/7. Suppose d*x - 10 = 2*x. List the prime factors of x.
2
List the prime factors of (-2)/(-1) + (186 + -3)/3.
3, 7
Suppose -